lculate the highest common divisor of v and k.
5
Suppose -v + 252 = -7*h + 1916, 4*v = -4*h + 928. What is the highest common factor of h and 1975?
79
Suppose 4*x + 2*b = 10, -b + 10 - 9 = 0. Suppose -x*r + 0*c + 17 = -c, r + 5*c = 14. What is the greatest common factor of r and 99?
9
Suppose 0 = -5*x, 4*x = -2*m + 65 + 47. Let j(b) = b**3 + 12*b**2 - 5*b - 36. Let z be j(-11). What is the highest common factor of m and z?
28
Let h(g) = 4*g**3 + 2*g**2 - 3*g - 1. Let j be h(4). Let i = -134 + 159. Calculate the greatest common divisor of i and j.
25
Suppose 0 = -0*x - 3*x. Suppose x = 2*w + 4, 2*w = -0*i - 4*i + 12. Suppose 136 = i*u + 8. Calculate the highest common factor of 4 and u.
4
Let r = -29 + -121. Let z = r - -158. What is the greatest common divisor of z and 24?
8
Let n be (-1692846)/(-63) + 2*(-21)/(-98). Calculate the greatest common factor of n and 53.
53
Let b = -12142 + 12986. What is the highest common factor of b and 8?
4
Let y(q) = -q + 60. Let f be y(0). Suppose -2*t = -k + 16, 0 = 2*t + 2*k + 3*k + 28. Let d be 3/t*-8*9. Calculate the highest common factor of f and d.
12
Let d(n) = n**3 - 3*n**2 + 7*n - 10. Let f be d(2). Suppose -40 = -f*q - 4*q. Suppose 2*o - 1 = 19. Calculate the greatest common factor of o and q.
10
Let z be (-6)/(-20) + 92862/1260. Calculate the highest common factor of z and 6142.
74
Suppose 21 = 3*h - 3*z, 0 = -2*h + 13*z - 10*z + 17. Suppose 38*n = h*n + 6120. Calculate the greatest common factor of 120 and n.
60
Suppose -4*z + 9*z = 45. Suppose 209 = -z*c + 83. Let j be 40/((-35)/c*(-8)/(-10)). What is the greatest common factor of j and 20?
20
Suppose q + 32*n - 12*n - 600 = 0, 8 = 4*n. Calculate the highest common factor of q and 1540.
140
Let v = -1691 - -1789. Suppose 0 = 3*s - 251 + 83. What is the highest common factor of v and s?
14
Let n be -1 + (500 - 1) - (-74 - -80). What is the greatest common divisor of 4100 and n?
164
Let o be 103/5 - (-2)/5. Let g(z) = z**3 - 7*z**2 - 17*z - 10. Let j be g(9). Let b be (49/56)/(j/(-8)). What is the highest common divisor of o and b?
7
Suppose 2*j + 4*g = 128, 9 = -3*g + 6. Let p be (72/10)/((-66)/(-4840)). Calculate the highest common divisor of j and p.
66
Suppose -67*h - 1192 = -75*h. Suppose 8*z - h = 51. Calculate the highest common divisor of z and 200.
25
Let k = -393 - -757. Suppose -9*g = -k + 112. Let i be (11 - 1)/((-1)/(-7)). Calculate the greatest common divisor of g and i.
14
Let h(c) = -14*c**3 - 154*c**2 - 3*c. Let o be h(-11). Calculate the highest common divisor of 649 and o.
11
Let j = -2205 + 2230. What is the highest common divisor of j and 25?
25
Let m(q) = -3*q**2 - 174*q + 21. Let z be m(-56). What is the greatest common divisor of z and 21?
21
Suppose -75*f - 311*f = -198018. Calculate the greatest common divisor of f and 11457.
171
Let m(v) = 6*v - 47. Let g(t) = 3*t - 23. Let z(o) = 9*g(o) - 4*m(o). Let f be z(10). Let l = 168 + -124. What is the highest common divisor of l and f?
11
Suppose -1056 = -36*f + 28*f. Let t = -123 + f. What is the highest common factor of t and 39?
3
Let p(b) = 77 - 43*b + 7*b - 6*b + 12*b + 0*b. Let h be p(0). Calculate the greatest common divisor of 7 and h.
7
Let a(f) = -36*f + 108. Let i be a(3). Let h be (i - -45)/((-107)/(-963)). Let t be 46 - (0 - (-1 + 0)). What is the greatest common factor of h and t?
45
Let l be (12/24)/(1/(-984)). Let y = -177 - l. What is the highest common factor of 35 and y?
35
Let o(g) = -4068*g - 9750. Let j be o(-5). Calculate the highest common factor of 10 and j.
10
Let m be (-77272)/(-72) + 16/(-72). What is the highest common divisor of m and 29?
29
Let c = 920 - 857. Suppose c*t - 64*t = -6. What is the greatest common factor of 64 and t?
2
Suppose 4*x = -x + 15, -f - 5*x + 6 = 0. Let k be (153 + -3 + 3)*(-3)/f. Let w be k - (0/8 - 4/(-1)). Calculate the highest common factor of w and 47.
47
Let b be ((-24)/28)/(1/(-14)). Suppose 0*p - 4*p = -b, 2*a = 3*p + 63. Let k = -242 - -386. What is the greatest common factor of k and a?
36
Let o(p) = 1303*p - 6380. Let y be o(32). What is the greatest common divisor of y and 109?
109
Let i be (-62692)/(-196) - (-12)/(-14). Let a = i - 301. Calculate the highest common factor of 15 and a.
3
Let f be (-6)/(((-84)/(-16))/(-7)). Let i be 3 - 8 - -101 - -4. Let g = 120 - i. Calculate the greatest common factor of f and g.
4
Let g be ((-385)/(-33))/(20/228). Suppose -2*q + 4*a = -34, 3*q - 16 = -a - 0*a. What is the highest common divisor of q and g?
7
Suppose 0 = -27*i + 199 + 167 + 12. Let s(v) = v**3 + 7*v**2 - v + 1. Let p be s(-5). Calculate the greatest common divisor of i and p.
14
Suppose 5*m + 4*u - 45 = 63, 0 = 2*m + u - 45. Suppose 3*t = -4*i + m, i - 5*t = 4 + 2. Calculate the greatest common divisor of 90 and i.
6
Let s be (0 + -2388)/(452/1130). Suppose -4*w + 18 = -2. Let z be 2/w - s/75. What is the greatest common factor of 48 and z?
16
Let v = 128 - 62. Let u be (-33)/77 + ((-25020)/(-21) - 3). What is the highest common factor of u and v?
66
Suppose 2*u = 765 + 203. Suppose 0 = r - 3*g - 91, -3*r + 85*g - 86*g = -263. Calculate the greatest common factor of r and u.
44
Let b(c) = c**3 - 8*c**2 + 3*c - 8. Let z be b(7). Let q = 10 - -80. Let l = z + q. Calculate the greatest common divisor of l and 6.
6
Suppose 305 = 3*w + 4*q, 2*q = 26*w - 24*w - 222. Let m be ((-1)/(-2))/(2/(-380)). Let j = w + m. Calculate the greatest common divisor of j and 36.
12
Suppose 118*z + 154 = 111*z. Let v be 155995/385 + 4/z. Calculate the highest common divisor of v and 15.
15
Suppose 120*s = -24*s - 3*s + 3969. What is the greatest common divisor of 6 and s?
3
Let i = 34 + -17. Let h(z) = 7*z**2 + 117*z - 32. Let q be h(-19). Calculate the greatest common factor of i and q.
17
Let d be ((-70)/(-15))/((-252)/(-1728)). Let q be (-1 - -3)*1 - -62. What is the greatest common factor of d and q?
32
Let b be 54460/15 + 0 + 88/(-132). Calculate the greatest common factor of 440 and b.
110
Suppose -56 = -23*p + 13. Let v be ((-217)/(-21) - p)/((-6)/(-81)). What is the greatest common factor of 11 and v?
11
Let u = -1589 - -1629. What is the greatest common factor of u and 200?
40
Let q(c) = -3*c**3 - 14*c - 54. Let f be q(-5). What is the highest common factor of f and 115?
23
Let p(y) = -8 - y + 39 - 15. Let i be p(14). Suppose -7 = -i*b + 3. What is the greatest common factor of b and 55?
5
Let h be 610/12 + 39/(-26) + (-10)/(-15). What is the greatest common divisor of 580 and h?
10
Let u be (-5 + -422 + 4)/((-7)/((-35)/(-5))). What is the greatest common divisor of 2679 and u?
141
Suppose 5*u - 298 = -4*h, 16*u = 17*u + 5*h - 47. Calculate the greatest common factor of u and 186.
62
Suppose -5*r + 2*r + f = -55, -4*f = -3*r + 58. Calculate the highest common factor of r and 846.
18
Suppose -27*d = -36*d - 729. Let x be (27/d)/((-2)/174). What is the greatest common factor of x and 551?
29
Let f be (-44)/(-24)*(-2)/(-22)*8*27. Calculate the greatest common factor of f and 7110.
18
Let p be (20*-3*(-967)/14505)/((-8)/(-70)). Let v(d) = -14*d. Let x be v(-1). Calculate the greatest common divisor of p and x.
7
Let c be 321/5 + (-32)/10 + 3. Suppose -309*r + 560 = -302*r. What is the greatest common factor of r and c?
16
Let i = -383 - -644. Suppose 2*k + 17 = 5*s, -96*s + 99*s - 21 = 0. What is the highest common divisor of i and k?
9
Suppose 0 = -11*x + 6*x + 350. Suppose -14 = 4*o - x. Suppose 27 = 4*q - 85. What is the highest common divisor of o and q?
14
Let a be 18*((-114)/36)/(-19). Suppose 2*f = a*q - 128, 3*f = -2*q - 4 + 85. What is the highest common divisor of 483 and q?
21
Suppose -4*h - 24 = 0, 2*y - 33*h + 36*h = 1988. What is the highest common divisor of 34 and y?
17
Let d = -30 - -31. Let u be (1 - -1)*6/(-4). Let t(s) = -3*s - 4. Let n be t(u). What is the highest common divisor of n and d?
1
Suppose 54*c = 39*c + 278 - 38. What is the greatest common divisor of c and 1072?
16
Let x be 200/(-26)*2366/(-364). Calculate the highest common factor of 62 and x.
2
Suppose 254*r + 3*l - 5323 = 249*r, 2129 = 2*r + l. What is the greatest common divisor of 392 and r?
56
Let g(j) = -280*j - 8. Suppose 2*u + 4 = 4*u - 4*o, -3*u - 26 = 2*o. Let n be g(u). Suppose 10*a = 6*a + n. What is the greatest common divisor 